s digit of 3624?
6
What is the ten thousands digit of 48458?
4
What is the hundreds digit of 36247?
2
What is the hundreds digit of 13743?
7
What is the tens digit of 1432?
3
What is the units digit of 921?
1
What is the tens digit of 6073?
7
What is the tens digit of 5289?
8
What is the tens digit of 4261?
6
What is the hundreds digit of 933?
9
What is the tens digit of 3282?
8
What is the hundreds digit of 10121?
1
What is the hundreds digit of 18375?
3
What is the hundreds digit of 29291?
2
What is the units digit of 690?
0
What is the ten thousands digit of 37075?
3
What is the units digit of 39926?
6
What is the units digit of 58?
8
What is the tens digit of 33481?
8
What is the hundreds digit of 852?
8
What is the units digit of 960?
0
What is the thousands digit of 13640?
3
What is the hundreds digit of 703?
7
What is the tens digit of 7680?
8
What is the tens digit of 41033?
3
What is the thousands digit of 2862?
2
What is the tens digit of 47?
4
What is the hundreds digit of 4684?
6
What is the units digit of 454?
4
What is the tens digit of 4560?
6
What is the tens digit of 149385?
8
What is the tens digit of 5672?
7
What is the units digit of 4280?
0
What is the hundreds digit of 642?
6
What is the tens digit of 66439?
3
What is the tens digit of 2594?
9
What is the hundreds digit of 195?
1
What is the hundreds digit of 3416?
4
What is the thousands digit of 5419?
5
What is the thousands digit of 1464?
1
What is the tens digit of 64717?
1
What is the units digit of 21218?
8
What is the hundreds digit of 149123?
1
What is the hundreds digit of 123097?
0
What is the tens digit of 1585?
8
What is the tens digit of 618?
1
What is the tens digit of 478?
7
What is the hundreds digit of 24603?
6
What is the tens digit of 26961?
6
What is the units digit of 1694?
4
What is the thousands digit of 35276?
5
What is the units digit of 2481?
1
What is the tens digit of 3236?
3
What is the thousands digit of 1080?
1
What is the tens digit of 634?
3
What is the ten thousands digit of 41445?
4
What is the hundreds digit of 2286?
2
What is the tens digit of 31454?
5
What is the units digit of 6692?
2
What is the thousands digit of 6926?
6
What is the ten thousands digit of 56366?
5
What is the tens digit of 5611?
1
What is the tens digit of 7606?
0
What is the thousands digit of 44625?
4
What is the tens digit of 1049?
4
What is the tens digit of 1785?
8
What is the hundreds digit of 2261?
2
What is the tens digit of 10366?
6
What is the thousands digit of 3643?
3
What is the units digit of 6082?
2
What is the units digit of 581?
1
What is the tens digit of 104808?
0
What is the hundreds digit of 16268?
2
What is the tens digit of 192?
9
What is the hundreds digit of 16433?
4
What is the units digit of 16017?
7
What is the ten thousands digit of 13136?
1
What is the thousands digit of 14728?
4
What is the hundreds digit of 12694?
6
What is the thousands digit of 102942?
2
What is the ten thousands digit of 15130?
1
What is the units digit of 42280?
0
What is the tens digit of 31557?
5
What is the hundreds digit of 4507?
5
What is the thousands digit of 1876?
1
What is the ten thousands digit of 44002?
4
What is the tens digit of 1170?
7
What is the units digit of 2556?
6
What is the units digit of 4441?
1
What is the units digit of 61626?
6
What is the hundreds digit of 9979?
9
What is the tens digit of 322?
2
What is the thousands digit of 4533?
4
What is the hundreds digit of 312?
3
What is the tens digit of 142131?
3
What is the tens digit of 33003?
0
What is the tens digit of 5171?
7
What is the units digit of 64970?
0
What is the units digit of 2560?
0
What is the thousands digit of 8729?
8
What is the hundreds digit of 124?
1
What is the hundreds digit of 31740?
7
What is the hundreds digit of 110?
1
What is the tens digit of 11?
1
What is the ten thousands digit of 11809?
1
What is the units digit of 295?
5
What is the tens digit of 81482?
8
What is the hundreds digit of 44138?
1
What is the hundreds digit of 7137?
1
What is the tens digit of 8775?
7
What is the ten thousands digit of 67636?
6
What is the hundreds digit of 10768?
7
What is the ten thousands digit of 27111?
2
What is the tens digit of 20362?
6
What is the thousands digit of 50350?
0
What is the ten thousands digit of 47568?
4
What is the hundred thousands digit of 113284?
1
What is the units digit of 3708?
8
What is the thousands digit of 103695?
3
What is the thousands digit of 41257?
1
What is the tens digit of 2112?
1
What is the tens digit of 63013?
1
What is the hundreds digit of 402?
4
What is the thousands digit of 1657?
1
What is the thousands digit of 28990?
8
What is the ten thousands digit of 20799?
2
What is the thousands digit of 14485?
4
What is the ten thousands digit of 77180?
7
What is the ten thousands digit of 21374?
2
What is the ten thousands digit of 19144?
1
What is the ten thousands digit of 33968?
3
What is the hundreds digit of 82018?
0
What is the units digit of 2755?
5
What is the thousands digit of 4605?
4
What is the thousands digit of 5814?
5
What is the tens digit of 625?
2
What is the tens digit of 7282?
8
What is the ten thousands digit of 29305?
2
What is the units digit of 11339?
9
What is the ten thousands digit of 31948?
3
What is the ten thousands digit of 104384?
0
What is the units digit of 740?
0
What is the ten thousands digit of 17593?
1
What is the tens digit of 378?
7
What is the units digit of 956?
6
What is the units digit of 2453?
3
What is the thousands digit of 10424?
0
What is the hundreds digit of 544?
5
What is the tens digit of 5313?
1
What is the units digit of 3245?
5
What is the hundreds digit of 225?
2
What is the ten thousands digit of 27172?
2
What is the ten thousands digit of 20730?
2
What is the units digit of 22202?
2
What is the thousands digit of 80123?
0
What is the units digit of 3883?
3
What is the hundreds digit of 3605?
6
What is the thousands digit of 3789?
3
What is the hundreds digit of 12918?
9
What is the hundreds digit of 59482?
4
What is the hundreds digit of 65882?
8
What is the hundreds digit of 1433?
4
What is the tens digit of 1142?
4
What is the units digit of 1277?
7
What is the thousands digit of 113103?
3
What is the units digit of 1236?
6
What is the thousands digit of 6889?
6
What is the thousands digit of 12627?
2
What is the thousands digit of 9950?
9
What is the tens digit of 27009?
0
What is the thousands digit of 5781?
5
What is the hundreds digit of 192?
1
What is the units digit of 1498?
8
What is the tens digit of 34490?
9
What is the hundreds digit of 1000?
0
What is the thousands digit of 2659?
2
What is the units digit of 47391?
1
What is the units digit of 20148?
8
What is the ten thousands digit of 88233?
8
What is the tens digit of 694?
9
What is the thousands digit of 2469?
2
What is the tens digit of 18179?
7
What is the units digit of 7691?
1
What is the tens digit of 1644?
4
What is the thousands digit of 1043?
1
What is the hundreds digit of 253?
2
What is the tens digit of 918?
1
What is the tens digit of 146?
4
What is the units digit of 210?
0
What is the thousands digit of 35321?
5
What is the units digit of 206929?
9
What is the ten thousands digit of 23378?
2
What is the tens digit of 29451?
5
What is the hundred thousands digit of 135836?
1
What is the ten thousands digit of 79746?
7
What is the tens digit of 5703?
0
What is the units digit of 301?
1
What is the hundreds digit of 1062?
0
What is the units digit of 433?
3
What is the hundreds digit of 58326?
3
What is the units digit of 1898?
8
What is the thousands digit of 46766?
6
What is the hundreds digit of 435?
4
What is the tens digit of 13020?
2
What is the hundreds digit of 11804?
8
What is the tens digit of 35432?
3
What is the hundreds digit of 1249?
2
What is the ten thousands digit of 40727?
4
What is the tens digit of 286?
8
What is the hundreds digit of 377?
3
What is the hundreds digit of 9822?
8
What is the thousands digit of 2257?
2
What is the thousands digit of 4421?
4
What is the units digit of 579?
9
What is the units digit of 6380?
0
What is the ten thousands digit of 40567?
4
What is the thousands digit of 2901?
2
What is the tens digit of 3819?
1
What is the hundreds digit of 1242?
2
